). Calculate the highest common divisor of 275 and l.
11
Suppose -h + 5*r + 246 = 0, 4*h - 1046 = -9*r + 25. Calculate the highest common factor of h and 72.
9
Let h be (-27)/9*(-26)/6*1. Let r = 882 - 778. What is the highest common divisor of r and h?
13
Let g = 97 - 51. Let z = 54 - g. Suppose -5*t - 5 = -2*r, -3*t + z*t = 5. What is the highest common divisor of 55 and r?
5
Suppose -23*i + 68*i - 19 - 1781 = 0. Calculate the greatest common factor of i and 1536.
8
Suppose -9*l = -11*l + 5*d + 3, 3*l = 4*d + 22. What is the highest common factor of l and 427?
7
Let i(j) = -4*j**2 - 7*j - 6. Let d be i(-2). Let n(r) = -23*r + 69. Let g be n(d). Calculate the highest common divisor of 22 and g.
11
Let t(q) = -2*q + 247. Let j be 8/44 + 5516/154. Let f be t(j). Calculate the greatest common divisor of f and 105.
35
Suppose 0 = -5*k - 20, 5*t + 3*k = 2*k + 491. Suppose 4*u = 32 + 12. Calculate the greatest common divisor of u and t.
11
Let f be ((-255)/(-6) + -11)/(4 + (-410)/104). What is the highest common divisor of 1170 and f?
78
Suppose 121*w - 389585 - 1230159 + 55940 = 0. Calculate the highest common divisor of w and 54.
18
Let s = 13580 + -13506. Calculate the highest common factor of 15762 and s.
74
Let o = -42 - -22. Let r = o + 30. Let n = 36 - -44. What is the greatest common divisor of n and r?
10
Suppose -5*q + 5*t = 20 - 35, 5*q + 5*t - 5 = 0. Let p be q/((4/(-6))/(69/(-9))). What is the highest common factor of 851 and p?
23
Suppose -5*c = 3*k - 187 + 4, 4*c = 4*k + 172. Let y be (-11232)/(-384)*(-24)/(-18). What is the highest common divisor of y and c?
39
Suppose -2*w = -j - 2*j - 1009, -979 = -2*w - 3*j. Let x = 4647 + -4633. Calculate the greatest common factor of w and x.
7
Suppose -244*v = -20244 - 64469 + 11269. Calculate the highest common factor of v and 68929.
301
Let w(m) = -m**3 - 24*m**2 - 8*m + 143. Let n be w(-24). Calculate the greatest common divisor of n and 1273.
67
Let f(n) = 2*n**2 + 36*n + 28. Let z be f(-22). Calculate the highest common factor of 912 and z.
12
Suppose 5*p - f - 2791 = 0, 0 = -2*p + 2*f - 546 + 1656. Calculate the highest common factor of p and 52.
13
Let q(v) = 20*v - 27. Let g be q(9). Let n(x) = -2*x**2 + 3*x + 4. Let y be n(3). Let h be (-2 - y/2)*34. What is the highest common divisor of g and h?
17
Suppose 0 = w + 5*r - 4, -4*w + 2*r = -163 + 147. What is the highest common factor of w and 197?
1
Suppose -t = 3*r - 70, -5*t = -6*r + 3*r - 350. Let h be (-1 + 18/10)/(2/t). Calculate the greatest common divisor of 532 and h.
28
Let m = -28 + 116. Let y = m - 96. Let i be ((-384)/20)/6*140/y. Calculate the highest common factor of i and 84.
28
Suppose -436*h + 226*h + 221*h - 2046 = 0. Calculate the highest common factor of 279 and h.
93
Let h(w) = -2255*w - 1395. Let u be h(-1). Suppose 32 = 2*c + k + 2*k, 3*k - 22 = -c. What is the greatest common factor of u and c?
10
Suppose z = -p - p + 40, 3*p - 58 = -z. Let u = 141 + -139. Let q be 2408/387 + u/(-9). What is the highest common factor of q and p?
6
Suppose 1110912 = 86*j + 298*j. What is the greatest common divisor of 33 and j?
11
Let w be 2/(-11*2/(-44)). Suppose 2*q = 5*q - 36. Calculate the highest common divisor of q and w.
4
Let c(u) = -4119*u - 24622. Let d be c(-6). Let a = 652 - 422. What is the highest common factor of a and d?
46
Suppose 10*g - 6*g = -356. Let z = -86 - g. Suppose 0 = -2*d - 2*d + z*v + 327, 5*d = -4*v + 401. Calculate the highest common divisor of 54 and d.
27
Let j(o) be the third derivative of 3*o**5/10 + 7*o**4/24 - 7*o**3/6 - 77*o**2. Let s be j(1). Calculate the greatest common divisor of 54 and s.
18
Suppose -17192*o + 17253*o - 27328 = 0. Calculate the greatest common divisor of 3904 and o.
64
Suppose -1305396 = 289*m - 613*m. Calculate the highest common divisor of 663 and m.
51
Let b = 214 + 337. Suppose -2*q = 2*s - 78, 126 = 3826*s - 3822*s + q. Calculate the highest common factor of b and s.
29
Let a(u) = 87*u**2 + 1. Let t be a(1). Let r be -316*(-7)/56 - 1/(-2). Let k be -2*r/(-50)*5. Calculate the greatest common factor of k and t.
8
Let b(n) = 3*n**2 - 122*n + 3229. Let l be b(46). What is the highest common factor of 4880 and l?
305
Suppose 0 = 3*a - 2*a - 32. Let f(h) = 15*h - 3. Let d be f(0). Let u be (11/(-22))/(d + (-22)/(-8)). Calculate the highest common divisor of u and a.
2
Let r(j) = j**3 - 9*j**2 - 7*j - 7. Let h be r(10). Let s = h + -27. Let m be (s/6)/(3/(-72)). What is the greatest common factor of 4 and m?
4
Let q = -5 - -9. Suppose 0 = -4*l - b + 77, 238 - 150 = 5*l + 4*b. What is the highest common factor of q and l?
4
Let c(r) = 13*r**3 + r**2 + r - 6. Let i be c(2). Suppose -4*h - 3*y + 204 = 0, h + 2*y - i = -h. What is the greatest common divisor of 80 and h?
16
Suppose 36 = 3*x + 147. Let s = -32 - x. Suppose 65 = s*g + z, 5*g - 5*z = -34 + 129. Calculate the highest common factor of g and 98.
14
Suppose 20*z + 20*z - 37440 = 0. Calculate the highest common divisor of 13 and z.
13
Let p be 31/4 + (28/(-16) - -2). Suppose -219 = -p*q - 27. Let m = -13 - -37. What is the greatest common divisor of m and q?
24
Suppose 62837*h = 62809*h + 158592. What is the highest common factor of 72 and h?
24
Suppose -56 = z - 265. Let y = z + -176. Calculate the highest common factor of 55 and y.
11
Let j(x) = x**3 - 7*x**2 + 34*x - 602. Let g be j(11). What is the highest common factor of g and 2608?
16
Suppose -14*y - 33 = 23. Let b be (-284)/y - (5 - -4). Calculate the greatest common factor of 155 and b.
31
Let x(c) = c**2 - 11 + 1 - 9. Let f be x(8). Calculate the highest common factor of f and 135.
45
Let m = -8427 + 8609. Let h(y) = -2*y**3 - 5*y**2 - y + 2. Let x be h(-3). Calculate the greatest common factor of m and x.
14
Suppose -9*o + 896 = -463. Let s = o + -144. Calculate the highest common factor of s and 175.
7
Let w = -66 + 126. Let s(v) = -1983*v + 340. Let g be s(0). Calculate the highest common factor of g and w.
20
Let j = -2919 - -2958. What is the greatest common divisor of j and 3328?
13
Let h = 2022 - -2060. What is the greatest common divisor of 78 and h?
26
Let s(c) = -9*c + 67. Let t be s(7). Let p(r) = r**2 + 6*r - 5. Let v be p(-7). Calculate the highest common divisor of v and t.
2
Suppose -40 = -3*s - 5*a, 3*a + 24 = s + 2*a. Let l be (-2)/(-6) + (-268)/(-6). Calculate the highest common divisor of l and s.
5
Let t be (4/(-14))/((-3)/3423). Let w be 1/(27/6)*(48/(-3) + 25). Calculate the highest common divisor of w and t.
2
Suppose 275*i + 22407 = 147532. Calculate the highest common divisor of i and 6110.
65
Let t(b) = -9*b**2 - 45*b - 6. Let f be t(-4). Let c be 880/(-7 + 3)*22/(-44). Calculate the highest common factor of f and c.
10
Let f be (4/3)/(1/297). Let d(s) = -5*s**3 - 22*s**2 + 15*s + 33. Let r be d(-5). What is the greatest common factor of r and f?
33
Suppose -j = -p + 171, 5*p - 51 - 774 = -5*j. Let w = 46 - -69. Suppose w*k - p = 111*k. What is the greatest common divisor of 28 and k?
14
Let i(p) = -33*p + 281. Let z be i(7). Suppose 0 = -c + 23 - 13. What is the highest common factor of z and c?
10
Let b be -27*1*(-5)/(-3)*-2. Let q be -4*((-4)/18 + (-25)/b). Suppose -q*a = 2*a - 32. What is the highest common divisor of a and 2?
2
Suppose 19137*t + 9240 = 19170*t. What is the greatest common factor of t and 1190?
70
Let i = 4909 - 3284. What is the greatest common divisor of i and 260?
65
Let s(t) = 9776*t + 9815. Let u be s(-1). Let f(c) = -85*c + 4. Let n be f(-5). Calculate the greatest common divisor of n and u.
39
Let s = 645 + -561. Suppose -s*m + 92 = -61*m. What is the highest common factor of 244 and m?
4
Let c be 1094 + (-12 + -287)/(-23). What is the greatest common divisor of c and 41?
41
Let l(n) = -79*n + 1. Let r(v) = 1. Let f(a) = -l(a) - 3*r(a). Let o be f(2). Let d be 14 - (-3 - -1 - -2). What is the highest common factor of d and o?
14
Let s = -9537 - -9583. Calculate the highest common divisor of s and 5129.
23
Let j(p) = 19*p + 32 + 2*p**2 - 38 - 3*p**2. Let s be j(18). Suppose 109 = 3*u - 179. Calculate the greatest common divisor of s and u.
12
Let n(r) = -r**3 - 36*r**2 - 325*r - 21. Let p be n(-21). What is the highest common divisor of 1953 and p?
63
Let w be 53 - (0 + (-1 - -7)). Let r = w + -44. Wh